(o) = o**3 + 6*o**2 - 3*o - 4. What is c(-3)?
32
Let o(m) = -2*m**3 + 50*m**2 - 51*m + 77. Calculate o(24).
5
Let l(j) = j + 17. Give l(-15).
2
Let n(r) = r + 17. What is n(0)?
17
Let a(f) = -2*f + 1. Give a(4).
-7
Let j(y) = y - 11. Calculate j(14).
3
Let k(o) = o**3 + 3*o**2 - 6*o - 2. Calculate k(-4).
6
Let b(o) = 3*o**3 + 12*o**2 + 5*o - 13. Give b(-4).
-33
Let c(i) = -4*i**2 + 3*i + 5. What is c(4)?
-47
Let a(x) = x**3 - 22*x**2 - 22*x - 32. Give a(23).
-9
Let s(o) = 3*o - 59. What is s(-4)?
-71
Let s(z) = -z**2 - 3*z - 84. Give s(0).
-84
Let c(p) = p**2 + 32*p + 107. Calculate c(-28).
-5
Let b(z) = z + 26. Determine b(-8).
18
Let c(w) = -3*w - 15. What is c(-6)?
3
Let m(b) = b**2 - 26*b + 150. Determine m(8).
6
Let f(x) = -x**3 + 4*x**2 - 4*x - 4. Calculate f(4).
-20
Let h(b) = -9*b**2 + 3*b + 12. Give h(3).
-60
Let f(j) = -j**3 + 6*j**2 - 5*j. What is f(6)?
-30
Let u(d) = 3*d**2 - 38*d - 31. Give u(13).
-18
Let x(j) = -j + 2. Give x(-1).
3
Let y(u) = 5*u + 29. Give y(-8).
-11
Let f(b) = 11*b - 19. Give f(2).
3
Let x(a) = a**3 + 18*a**2 + 38*a + 9. Give x(-15).
114
Let d(z) = 2*z**2 + 4*z - 3. What is d(-3)?
3
Let b(v) = -19*v + 37. What is b(9)?
-134
Let o(u) = -u**2 - 12*u - 11. Give o(-7).
24
Let t(a) = -2*a**2 + 7*a - 5. Give t(-5).
-90
Let b(s) = -s**2 - 2*s + 19. Determine b(10).
-101
Let d(m) = 47*m**3 - 2*m**2 - m. Give d(-1).
-48
Let s(j) = -j**3 - 5*j**2 + 9*j + 9. Determine s(-6).
-9
Let l(c) = -c**3 - 31*c**2 - 27*c + 93. What is l(-30)?
3
Let n(k) = -4*k**3 + k**2 + k + 1. What is n(-2)?
35
Let o(f) = -4*f - 128. What is o(-33)?
4
Let f(t) = -3*t + 24. What is f(5)?
9
Let p(b) = 36*b. What is p(3)?
108
Let j(s) = 4*s**2 + 4*s. Give j(-2).
8
Let c(q) = q**3 - q**2 + 2*q - 95. Give c(0).
-95
Let b(c) = -25*c - 1. Determine b(2).
-51
Let z(f) = 2*f**2 + 5*f - 7. Determine z(-7).
56
Let x(l) = -17*l - 13. Give x(-1).
4
Let b(h) = -8*h - 4. Determine b(-3).
20
Let m(c) = c + 8. Determine m(-5).
3
Let t(n) = 6*n + 56. Determine t(6).
92
Let x(g) = 13*g + 93. What is x(-9)?
-24
Let j(v) = -2*v**3 - v**2 - 3*v - 2. Determine j(4).
-158
Let i(d) = 35*d**3 + d**2 - 1. What is i(1)?
35
Let f(q) = 3*q - 36. Calculate f(-10).
-66
Let d(b) = b**2 + 17*b - 6. Determine d(-17).
-6
Let o(v) = -14*v - 294. Calculate o(-22).
14
Let b(t) = 7*t - 6. What is b(7)?
43
Let m(h) = -h**3 + 15*h**2 - 51*h + 25. Determine m(10).
15
Let p(z) = 3*z**3 - 7*z**2 - 3*z + 7. Calculate p(3).
16
Let q(b) = 4*b**2 - 3*b + 5. Determine q(1).
6
Let t(r) = r**2 + 14*r + 25. Give t(-12).
1
Let z(a) = a**3 + 2*a**2 + 2*a + 4. Determine z(-2).
0
Let x(c) = -c**3 - 7*c**2 + 13*c + 12. Give x(-8).
-28
Let a(y) = 3*y - 10. Give a(3).
-1
Let b(r) = r**3 - 2*r**2 - 4*r + 3. Calculate b(3).
0
Let m(a) = a**2 - 11*a + 11. Calculate m(9).
-7
Let c(z) = 3*z + 19. Calculate c(-6).
1
Let s(b) = -52*b - 613. What is s(-12)?
11
Let d(a) = -a**3 + 8*a**2 - 27. Give d(7).
22
Let f(m) = -27*m + 290. Give f(11).
-7
Let i(x) = 2*x**2 + 183. Determine i(0).
183
Let w(k) = 2*k**2 - 6*k - 2. Determine w(3).
-2
Let r(j) = -j**3 - 87*j**2 - 92*j - 513. Determine r(-86).
3
Let r(x) = -15*x**3 - x**2 + 3*x - 2. Determine r(1).
-15
Let w(y) = y**3 - 19*y**2 + 60*y + 18. Determine w(15).
18
Let p(y) = -6*y - 69. What is p(-8)?
-21
Let o(n) = n**2 + 9*n + 14. Give o(-8).
6
Let i(c) = -7*c**2 - c - 2. What is i(-1)?
-8
Let b(f) = f**3 - 6. Give b(0).
-6
Let y(p) = -p**2 - 13*p + 1. Determine y(-14).
-13
Let x(a) = -a**3 - 7*a**2 - a - 1. Give x(-5).
-46
Let o(m) = -m**3 - 13*m**2 - 14*m - 1. Determine o(-12).
23
Let x(z) = z**3 + 7*z**2 + 6*z + 11. Give x(-6).
11
Let x(f) = 30*f - 162. Give x(5).
-12
Let b(u) = -u**3 + 13*u**2 - 1. Calculate b(13).
-1
Let k(w) = -12*w - 75. Calculate k(-7).
9
Let s(b) = -45*b**2. What is s(-1)?
-45
Let g(l) = 2*l**2 - 6*l - 4. Calculate g(5).
16
Let h(w) = w**3 - 8*w**2 - 2*w - 34. Calculate h(8).
-50
Let w(m) = m**3 - 8*m**2 + 7*m - 5. Calculate w(7).
-5
Let q(p) = -3*p - 43. What is q(-10)?
-13
Let n(j) = -j**3 - 3*j**2 + 16*j + 9. Give n(-6).
21
Let o(c) = -c**2 + 11*c + 28. Calculate o(13).
2
Let t(k) = k**2 + k - 5. Give t(4).
15
Let x(y) = -35*y. Give x(-1).
35
Let i(l) = l + 4. Determine i(17).
21
Let q(k) = k**2 + 31*k - 308. What is q(-39)?
4
Let x(z) = 5*z - 4. Calculate x(4).
16
Let n(z) = -z**3 + 9*z**2 + 11*z - 13. Give n(10).
-3
Let a(d) = -d**2 - 37*d + 42. Give a(-38).
4
Let o(b) = -12*b**3 - b**2 - b - 1. What is o(-1)?
11
Let j(m) = m**3 - 7*m**2 - 10*m + 6. Give j(8).
-10
Let l(u) = u**3 + 17*u**2 + 18*u + 32. Give l(-16).
0
Let h(m) = -3*m**2 - 22*m - 1. What is h(-7)?
6
Let k(z) = 4*z**3 + 2*z. Calculate k(2).
36
Let j(a) = 2*a + 3. Give j(3).
9
Let g(x) = -x**3 - 10*x**2 - 5*x + 20. Determine g(-9).
-16
Let l(d) = 6*d**3 - 2*d**2 - 2*d + 3. What is l(2)?
39
Let q(r) = 12*r**2 - 4. What is q(2)?
44
Let z(d) = -2*d + 38. Calculate z(0).
38
Let f(y) = 3*y**3 + 4*y**2 - 2*y + 5. Calculate f(3).
116
Let y(r) = 6*r - 9. What is y(4)?
15
Let w(o) = o**3 + 12*o**2 - 9*o + 7. Determine w(-13).
-45
Let d(h) = -h**3 + 11*h**2 + 13*h + 3. Give d(12).
15
Let k(t) = 7*t - 1. Calculate k(-1).
-8
Let d(b) = -10*b - 11. Give d(2).
-31
Let a(i) = -12*i - 43. Determine a(-5).
17
Let j(b) = -7*b + 98. Calculate j(16).
-14
Let o(c) = c**3 - 21*c**2 - 23*c + 19. Calculate o(22).
-3
Let x(m) = -m**3 + 11*m**2 + 21*m + 10. Determine x(13).
-55
Let a(y) = -189*y**3 - y**2 + 2*y. Give a(1).
-188
Let x(t) = -t**3 + 4*t**2 + 13*t - 2. Determine x(5).
38
Let x(l) = l**2 + 13*l - 68. Give x(-17).
0
Let d(r) = r**3 - 3*r**2 - r + 3. What is d(4)?
15
Let i(f) = -9*f + 7. Calculate i(5).
-38
Let l(b) = b**2 + 19*b + 78. Calculate l(-7).
-6
Let w(j) = -j - 9. Calculate w(0).
-9
Let x(w) = w**3 - 36*w**2 - 38*w + 50. What is x(37)?
13
Let v(y) = -7*y - 3. Calculate v(-1).
4
Let a(w) = -w**2 - 32. What is a(0)?
-32
Let y(u) = u**3 - u**2 + 3*u + 3. Calculate y(0).
3
Let c(o) = o + 11. What is c(-8)?
3
Let v(x) = x**3 + 21*x**2 - 49*x - 57. Calculate v(-23).
12
Let k(h) = h + 9. Give k(-7).
2
Let f(k) = 7*k - 34. Give f(6).
8
Let n(k) = k**3 - 17*k**2 - 2*k + 38. Calculate n(17).
4
Let d(i) = 3*i**2 + 9*i. Give d(-6).
54
Let c(t) = t**3 + 6*t**2 + 4*t + 8. What is c(-4)?
24
Let j(z) = -7*z**3 - z**2 + z + 1. Give j(-1).
6
Let q(c) = 3*c**2 + 2*c + 3. What is q(-2)?
11
Let s(r) = -5*r**3 + r**2 + 6*r + 2. Determine s(-2).
34
Let r(j) = j**2 - 14*j + 4. Determine r(5).
-41
Let m(h) = 55*h**3 - 2*h - 3. Determine m(-1).
-56
Let c(p) = p**3 + 13*p**2 + 15*p - 10. Calculate c(-9).
179
Let m(v) = v**3 - 7*v**2 + 6*v + 7. Determine m(5).
-13
Let s(w) = -4*w + 10. What is s(-7)?
38
Let r(q) = -q**3 - 37*q**2 - 38*q - 77. Calculate r(-36).
-5
Let n(m) = m**2 + 11*m + 13. Calculate n(-9).
-5
Let r(c) = -4*c + 88. What is r(20)?
8
Let v(m) = -5*m - 66. Determine v(-12).
-6
Let r(b) = b**3 - 6*b**2 + 6*b + 6. Calculate r(5).
11
Let z(w) = -26*w**3 + w**2 - 1. What is z(1)?
-26
Let p(i) = -2*i**3 + 10*i**2 + 9*i - 38. Calculate p(5).
7
Let l(c) = c**3 + 10*c**2 + 8*c - 2. What is l(-10)?
-82
Let f(n) = -n**2 + 9*n + 7. Give f(7).
21
Let k(b) = b**2 + b - 31. Give k(0).
-31
Let o(b) = b**2 + 31*b + 186. Determine o(-23).
2
Let h(b) = -2*b**2 + 16*b - 7. Determine h(7).
7
Let r(g) = 8*g + 27. Give r(-4).
-5
Let r(b) = 9*b - 23. Determine r(3).
4
Let i(y) = 4*y - 14. Give i(4).
2
Let l(n) = n**3 + 3*n**2 - 5*n + 1. Determine l(-5).
-24
Let j(u) = -31*u + 28. Give j(1).
-3
Let r(g) = g**2 + 9*g. Calculate r(-9).
0
Let j(x) = -2*x - 1. Determine j(-5).
9
Let q(i) = -i**3 + 25*i**2 - 23*i - 14. Give q(24).
10
Let n(s) = -s**2 + 19*s - 73. Give n(4).
-13
Let b(h) = h**3 + 19*h**2 + h + 16. Calculate b(-19).
-3
Let d(y) = y + 26. Give d(-19).
7
Let f(l) = -l**2 - 3*l - 4. Give f(8).
-92
Let c(j) = 39*j + 5. Calculate c(4).
161
Let p(j) = j**2 + 7*j - 174. What is p(10)?
-4
Let v(y) = 9*y + 57. Calculate v(-6).
3
Let r(k) = k**3 - 5*k**2 - 8*k + 8. What is r(6)?
-4
Let x(u) = -26*u - 315. Determine x(-12).
-3
Let r(t) = -8*t - 42. Determine r(-20).
118
Let t(k) = 49*k**3 - 2*k - 1. Give t(-1).
-48
Let n(x) = x**3 + 5*x**2 + 2*x - 4. Calculate n(-3).
8
Let h(b) = -b**2 - 14*b - 29. What is h(-10)?
11
Let k(o) = -o**3 - 16*o**2 - 62*o + 14. Give k(-9).
5
Let m(u) = u**2 - 8*u - 4. Give m(8).
-4
